{"id":116,"date":"2017-11-12T10:50:59","date_gmt":"2017-11-12T09:50:59","guid":{"rendered":"http:\/\/localhost\/wordpress\/?page_id=116"},"modified":"2018-10-07T16:36:08","modified_gmt":"2018-10-07T14:36:08","slug":"utilisation","status":"publish","type":"page","link":"https:\/\/bssolutionexpertise.com\/index.php\/solutions\/dsn-xls\/utilisation\/","title":{"rendered":"Utilisation"},"content":{"rendered":"<div class=\"fusion-fullwidth fullwidth-box fusion-builder-row-1 nonhundred-percent-fullwidth non-hundred-percent-height-scrolling\" style=\"background-color: rgba(255,255,255,0);background-position: center center;background-repeat: no-repeat;padding-top:0px;padding-right:0px;padding-bottom:0px;padding-left:0px;margin-bottom: 0px;margin-top: 0px;border-width: 0px 0px 0px 0px;border-color:#eae9e9;border-style:solid;\" ><div class=\"fusion-builder-row fusion-row\"><div class=\"fusion-layout-column fusion_builder_column fusion-builder-column-0 fusion_builder_column_1_1 1_1 fusion-one-full fusion-column-first fusion-column-last\" style=\"margin-top:0px;margin-bottom:0px;\"><div class=\"fusion-column-wrapper fusion-flex-column-wrapper-legacy\" style=\"background-position:left top;background-repeat:no-repeat;-webkit-background-size:cover;-moz-background-size:cover;-o-background-size:cover;background-size:cover;padding: 0px 0px 0px 0px;\"><div class=\"fusion-text fusion-text-1\"><h1>Utilisation DSN XLS<\/h1>\n<ul>\n<li>Cliquez sur l\u2019une des ic\u00f4nes cr\u00e9\u00e9es durant l\u2019installation, pour d\u00e9marrer le logiciel.<\/li>\n<li>Le logiciel d\u00e9marre, on obtient l\u2019\u00e9cran suivant\u00a0:<\/li>\n<\/ul>\n<p><img data-recalc-dims=\"1\" decoding=\"async\" src=\"https:\/\/i0.wp.com\/dsn4u.free.fr\/images\/Utilisation001.jpeg?w=1100\" \/><\/p>\n<h1>Description des parties du logiciel<\/h1>\n<h2>Menu<\/h2>\n<ul>\n<li>Cette partie contient 2 menus \u00ab\u00a0Fichier\u00a0\u00bb et \u00ab\u00a0Aide\u00a0\u00bb.<\/li>\n<li>La partie \u00ab\u00a0Aide\u00a0\u00bb, contient une rapide description du logiciel<\/li>\n<li>La partie \u00ab\u00a0Fichier\u00a0\u00bb permet de quitter le logiciel, charger le fichier de configuration du logiciel ou encore d\u2019enregistrer la configuration actuellement du logiciel.<\/li>\n<\/ul>\n<h2>Onglets<\/h2>\n<p>L\u2019onglet conversion correspond \u00e0 l\u2019interface, permettant de configurer cette conversion et de la lancer. Cette fen\u00eatre est compos\u00e9e de plusieurs parties.<\/p>\n<h3>La partie \u00ab\u00a0Configuration\u00a0\u00bb permet de param\u00e9trer cette conversion.<\/h3>\n<ul>\n<li><b>Fichier Param.cfg\u00a0:<\/b> Par d\u00e9faut un fichier de configuration rassemble l\u2019ensemble de ces \u00e9l\u00e9ments, il s\u2019agit du fichier Param.cfg. Il est affich\u00e9 ici et ne doit pas \u00eatre modifi\u00e9 normalement.<\/li>\n<li><b>Fichier Norme DADS-U\u00a0:<\/b> Le fichier suivant contient la norme DADS-U sur laquelle le logiciel va s\u2019appuyer pour effectuer la conversion. Ce fichier est affich\u00e9 dans la seconde partie sous forme de tableau. Ce fichier n\u2019est pas \u00e0 mettre \u00e0 jour directement sauf cas tr\u00e8s particulier, il faut pr\u00e9f\u00e9rer passer par l\u2019interface du logiciel et le tableau, en s\u00e9lectionnant ou pas les rubriques de la norme DADS-U.<\/li>\n<li><b>Fichier de Structure de la Norme DADS-U\u00a0:<\/b> Le fichier de structure de la norme DADS-U, permet au logiciel de hi\u00e9rarchiser les groupes de structures entre elles et de d\u00e9crire divers \u00e9l\u00e9ments techniques, permettant de convertir correctement les donn\u00e9es DADS-U.<\/li>\n<li><b>Le nom du fichier DADS-U \u00e0 convertir\u00a0:<\/b> Il s\u2019agit du fichier DADS-U qui doit \u00eatre converti. Ce fichier doit \u00eatre valid\u00e9 par le logiciel de contr\u00f4le DADS-U, toute anomalie, pourra entrainer une conversion fausse et des erreurs avec ce logiciel. Vous pouvez tr\u00e8s facilement changer le nom du fichier affich\u00e9, en double cliquant sur la zone contenant le nom de ce fichier, une pop-up d\u2019aide appara\u00eetra et vous permettra de rechercher, puis s\u00e9lectionner facilement le fichier DADS-U \u00e0 convertir.<\/li>\n<\/ul>\n<p><img data-recalc-dims=\"1\" decoding=\"async\" src=\"https:\/\/i0.wp.com\/dsn4u.free.fr\/images\/Utilisation002.jpeg?w=1100\" \/><\/p>\n<ul>\n<li><b>Le r\u00e9pertoire du r\u00e9sultat\u00a0:<\/b> Il s\u2019agit du r\u00e9pertoire qui va \u00eatre utilis\u00e9 pour stocker les divers fichiers r\u00e9sultants et r\u00e9sultat de la conversion. Vous pouvez tr\u00e8s facilement changer le nom du r\u00e9pertoire affich\u00e9, en double cliquant sur la zone contenant le nom du r\u00e9pertoire, une pop-up d\u2019aide appara\u00eetra et vous permettra de rechercher, puis s\u00e9lectionner facilement le r\u00e9pertoire. Il vous est aussi possible de saisir directement le nom du r\u00e9pertoire, mais aucun contr\u00f4le n\u2019est pr\u00e9vu sur la validit\u00e9 du r\u00e9pertoire saisi, cela reste de la responsabilit\u00e9 de l\u2019utilisateur.<\/li>\n<\/ul>\n<p><img data-recalc-dims=\"1\" decoding=\"async\" src=\"https:\/\/i0.wp.com\/dsn4u.free.fr\/images\/Utilisation003.jpeg?w=1100\" \/><\/p>\n<ul>\n<li><b>Le nom du fichier R\u00e9sultat\u00a0:<\/b> Ce nom correspond au pr\u00e9fixe qui sera utilis\u00e9 sur l\u2019ensemble des fichiers r\u00e9sultants et r\u00e9sultat de la conversion. Vous pouvez ainsi changer de nom de fichier, entre 2 conversions, pour ne pas \u00e9craser vos pr\u00e9c\u00e9dents r\u00e9sultats.<\/li>\n<li><b>Les options de conversion\u00a0:<\/b> La conversion du fichier DADS-U ne peut pas s\u2019effectuer d\u2019un seul bloc \u00e0 cause de la norme DADS-U elle-m\u00eame. Cette norme impose un d\u00e9coupage par groupe de structures, sinon les r\u00e9sultats affich\u00e9s ne seront pas exploitables et\/ou faux. Ainsi ce menu d\u00e9roulant permet de s\u00e9lectionner l\u2019option de conversion choisie, c&rsquo;est-\u00e0-dire, convertir l\u2019ensemble des groupes de structures, r\u00e9parti par groupe de structures ou s\u00e9lectionner le groupe de structures sp\u00e9cifique que l\u2019on souhaite convertir. Afficher les lignes sans la structure recherch\u00e9e\u00a0: Cette option, permet de faire appara\u00eetre la cl\u00e9 pr\u00e9sente dans le fichier DADS-U, m\u00eame si le groupe de structures n\u2019est pas aliment\u00e9. Cela peut \u00eatre tr\u00e8s utile pour d\u00e9tecter les personnes pr\u00e9sentes dans le fichier DADS-U, mais pour lesquelles il manque une structure.<\/li>\n<li><b>Sortie au format CSV\u00a0:<\/b> Il faut s\u00e9lectionner cette option pour obtenir en sortie des fichiers au format CSV.<\/li>\n<li><b>Sortie au format Excel\u00a0:<\/b> Il faut s\u00e9lectionner cette option pour obtenir en sortie un fichier au format Excel.<\/li>\n<li><b>Progress Bar\u00a0:<\/b> Il s\u2019agit de la barre de progression, qui permet de visualiser l\u2019avancement de la conversion. D\u00e8s que la barre est de nouveau vide, la conversion est termin\u00e9e.<\/li>\n<\/ul>\n<h3>Le tableau<\/h3>\n<p>Il s\u2019agit du fichier norme DADS-U, indiqu\u00e9 dans la partie \u00ab\u00a0Fichier Norme DADS-U\u00a0\u00bb qui est affich\u00e9 sous forme de tableau.<\/p>\n<ul>\n<li>La premi\u00e8re colonne \u00ab\u00a0Rub. DADS-U\u00a0\u00bb affiche le code de la rubrique DADS-U et permet de s\u00e9lectionner ou non la rubrique du fichier DADS-U \u00e0 partir de la norme DADS-U.<\/li>\n<li>La seconde colonne \u00ab\u00a0Libell\u00e9\u00a0\u00bb affiche le libell\u00e9 de la rubrique DADS-U.<\/li>\n<li>La troisi\u00e8me colonne indique si cette rubrique DADS-U fait partie de la cl\u00e9 qui sera report\u00e9e sur chaque r\u00e9sultat. Il s\u2019agit de reporter sur le r\u00e9sultat les structures parentes, lors du traitement d\u2019une structure fille, par exemple Ajouter des indications sur les structures S20 et S30, lors du traitement de la structure S41.<\/li>\n<li>La colonne suivante \u00ab\u00a0Regroupement\u00a0\u00bb\u00a0est utilis\u00e9e pour le d\u00e9coupage des r\u00e9sultats sous plusieurs fichiers ou onglets.<\/li>\n<li>Les colonnes suivantes sont utilis\u00e9es par le logiciel pour correctement convertir les donn\u00e9es en fonction de la norme et ne doivent pas \u00eatre modifi\u00e9es.<\/li>\n<\/ul>\n<h2>Barre inf\u00e9rieure<\/h2>\n<ul>\n<li>Elle permet de\u00a0:<\/li>\n<li>Lancer la conversion du fichier DADS-U selon\u00a0les divers \u00e9l\u00e9ments param\u00e9tr\u00e9s au dessus.<\/li>\n<li>Le bouton \u00ab\u00a0Recharger la norme XML\u00a0\u00bb permet de recharger le fichier contenant la norme et les s\u00e9lections de structures, pour le cas particulier ou un utilisateur aurait directement mis \u00e0 jour le fichier XML, contenant cette norme.<\/li>\n<li>La barre d\u2019\u00e9tat, permet de suivre les \u00e9tapes de la conversion.<\/li>\n<li>Le bouton \u00ab\u00a0Quitter\u00a0\u00bb permet de quitter le logiciel.<\/li>\n<\/ul>\n<h1>Fonctionnement g\u00e9n\u00e9ral du logiciel<\/h1>\n<p>Cette partie d\u00e9crit le fonctionnement g\u00e9n\u00e9ral du logiciel.<\/p>\n<h2>Objectif du logiciel<\/h2>\n<p>L\u2019objectif de ce logiciel est de convertir le fichier en entr\u00e9e sous un format exploitable par un tableur dans un ou plusieurs fichiers de sortie, ici au format CSV ou Excel.<\/p>\n<h2>Fichier en entr\u00e9e<\/h2>\n<p>Le fichier en entr\u00e9e du syst\u00e8me a la forme suivante.<\/p>\n<ul>\n<li>S10.G01.00.001.001,&rsquo;S10.G01.00.001.001&prime;<\/li>\n<li>S10.G01.00.001.002,&rsquo;S10.G01.00.001.002&prime;<\/li>\n<li>S10.G01.00.002,&rsquo;S10.G01.00.002&prime;<\/li>\n<li>S10.G01.00.003.001,&rsquo;S10.G01.00.003.001&prime;<\/li>\n<li>S10.G01.00.003.003,&rsquo;S10.G01.00.003.003&prime;<\/li>\n<li>S10.G01.00.003.006,&rsquo;S10.G01.00.003.006&prime;<\/li>\n<li>S10.G01.00.003.007,&rsquo;S10.G01.00.003.007&prime;<\/li>\n<li>S10.G01.00.003.009,&rsquo;S10.G01.00.003.009&prime;<\/li>\n<li>S10.G01.00.003.010,&rsquo;S10.G01.00.003.010&prime;<\/li>\n<li>S10.G01.00.003.012,&rsquo;S10.G01.00.003.012&prime;<\/li>\n<li>S10.G01.00.004,&rsquo;S10.G01.00.004&prime;<\/li>\n<li>S10.G01.00.005,&rsquo;S10.G01.00.005&prime;<\/li>\n<li>S10.G01.00.006,&rsquo;S10.G01.00.006&prime;<\/li>\n<li>S10.G01.00.009,&rsquo;S10.G01.00.009&prime;<\/li>\n<li>S10.G01.00.010,&rsquo;S10.G01.00.010&prime;<\/li>\n<li>S10.G01.00.011,&rsquo;S10.G01.00.011&prime;<\/li>\n<li>S10.G01.00.012,&rsquo;S10.G01.00.012&prime;<\/li>\n<li>S10.G01.00.013.001,&rsquo;S10.G01.00.013.001&prime;<\/li>\n<li>S10.G01.00.013.002,&rsquo;S10.G01.00.013.002&prime;<\/li>\n<li>S10.G01.00.015.001,&rsquo;S10.G01.00.015.001&prime;<\/li>\n<li>S10.G01.01.001.001,&rsquo;S10.G01.01.001.001&prime;<\/li>\n<li>S10.G01.01.001.002,&rsquo;S10.G01.01.001.002&prime;<\/li>\n<li>S10.G01.01.002,&rsquo;S10.G01.01.002&prime;<\/li>\n<li>S10.G01.01.005,&rsquo;S10.G01.01.005&prime;<\/li>\n<li>S10.G01.01.006,&rsquo;S10.G01.01.006&prime;<\/li>\n<li>S20.G01.00.001,&rsquo;S20.G01.00.001&prime;<\/li>\n<li>S20.G01.00.002,&rsquo;S20.G01.00.002&prime;<\/li>\n<li>S20.G01.00.003.001,&rsquo;S20.G01.00.003.001&prime;<\/li>\n<li>S20.G01.00.003.002,&rsquo;S20.G01.00.003.002&prime;<\/li>\n<li>S20.G01.00.004.001,&rsquo;S20.G01.00.004.001&prime;<\/li>\n<li>S20.G01.00.004.002,&rsquo;S20.G01.00.004.002&prime;<\/li>\n<li>S20.G01.00.005,&rsquo;S20.G01.00.005&prime;<\/li>\n<li>S20.G01.00.007,&rsquo;S20.G01.00.007&prime;<\/li>\n<li>S20.G01.00.008,&rsquo;S20.G01.00.008&prime;<\/li>\n<li>S20.G01.00.009.006,&rsquo;S20.G01.00.009.006&prime;<\/li>\n<li>S20.G01.00.009.007,&rsquo;S20.G01.00.009.007&prime;<\/li>\n<li>S20.G01.00.009.009,&rsquo;S20.G01.00.009.009&prime;<\/li>\n<li>S20.G01.00.009.010,&rsquo;S20.G01.00.009.010&prime;<\/li>\n<li>S20.G01.00.009.012,&rsquo;S20.G01.00.009.012&prime;<\/li>\n<li>S20.G01.00.018,&rsquo;S20.G01.00.018&prime;<\/li>\n<li>S30.G01.00.001,&rsquo;S30.G01.00.001_U&rsquo;<\/li>\n<li>S30.G01.00.002,&rsquo;S30.G01.00.002&prime;<\/li>\n<li>S30.G01.00.003,&rsquo;S30.G01.00.003&prime;<\/li>\n<li>S30.G01.00.004,&rsquo;S30.G01.00.004&prime;<\/li>\n<li>S30.G01.00.005,&rsquo;S30.G01.00.005&prime;<\/li>\n<li>S30.G01.00.007,&rsquo;S30.G01.00.007&prime;<\/li>\n<li>S30.G01.00.008.003,&rsquo;S30.G01.00.008.003&prime;<\/li>\n<li>S30.G01.00.008.006,&rsquo;S30.G01.00.008.006&prime;<\/li>\n<li>S30.G01.00.008.010,&rsquo;S30.G01.00.008.010&prime;<\/li>\n<li>S30.G01.00.008.012,&rsquo;S30.G01.00.008.012&prime;<\/li>\n<li>S30.G01.00.009,&rsquo;S30.G01.00.009&prime;<\/li>\n<li>S30.G01.00.010,&rsquo;S30.G01.00.010&prime;<\/li>\n<li>S30.G01.00.011,&rsquo;S30.G01.00.011&prime;<\/li>\n<\/ul>\n<h2>Fichier en sortie<\/h2>\n<p>Le fichier en sortie du syst\u00e8me doit avoir la forme suivante\u00a0:<\/p>\n<p><img data-recalc-dims=\"1\" decoding=\"async\" src=\"https:\/\/i0.wp.com\/dsn4u.free.fr\/images\/Utilisation004.jpeg?w=1100\" \/><\/p>\n<h2>Algorithme<\/h2>\n<p>Ce logiciel, va charger les options de configuration indiqu\u00e9es sur le page principale, ouvrir et lire le fichier DADS-U en entr\u00e9e. Pour chaque ligne, il va v\u00e9rifier si il doit garder ou pas son contenu, par rapport \u00e0 la premi\u00e8re colonne du fichier norme DADS-U. Si la colonne est coch\u00e9e, elle sera gard\u00e9e, sinon, on passe \u00e0 la ligne suivante. Dans le cas ou la ligne est gard\u00e9e, le syst\u00e8me va ensuite v\u00e9rifier si il s\u2019agit d\u2019une partie de la cl\u00e9 ou pas. Si cette ligne fait partie de la cl\u00e9 elle va \u00eatre gard\u00e9e en m\u00e9moire. Si la ligne ne fait pas partie de la cl\u00e9, le syst\u00e8me va v\u00e9rifier si le groupe auquel appartient cette cl\u00e9 est en cours de traitement. S\u2019il s\u2019agit du m\u00eame groupe, la valeur est sauvegard\u00e9e, sinon on passe \u00e0 la ligne suivante. A la fin du fichier, on enregistre le r\u00e9sultat au format CSV et\/ou Excel. Si d\u2019autres groupes doivent \u00eatre trait\u00e9s, on effectue un nouveau passage de l\u2019algorithme, sinon on termine le programme.<\/p>\n<h2>R\u00e9sultat<\/h2>\n<p>Au format CSV, le syst\u00e8me ne peut enregistrer qu\u2019un seul fichier, dont les valeurs sont s\u00e9par\u00e9es (ici par une virgule). Etant donn\u00e9 qu\u2019il est n\u00e9cessaire d\u2019effectuer une rupture si les donn\u00e9es ne font pas partie du m\u00eame groupe, le syst\u00e8me va donc cr\u00e9er, plusieurs fichiers en sortie, un par groupe. Le nom de ces fichiers est d\u00e9finie par\u00a0: \u00ab\u00a0Le nom du fichier R\u00e9sultat\u00a0\u00bb + \u00ab\u00a0_\u00a0\u00bb + le groupe + \u00ab.csv\u00a0\u00bb.<\/p>\n<p><img data-recalc-dims=\"1\" decoding=\"async\" src=\"https:\/\/i0.wp.com\/dsn4u.free.fr\/images\/Utilisation005.jpeg?w=1100\" \/><\/p>\n<p>Au format Excel, le syst\u00e8me peut enregistrer plusieurs r\u00e9sultats diff\u00e9rents dans un m\u00eame fichier, mais sous des onglets diff\u00e9rents. Il s\u2019agit du m\u00eame r\u00e9sultat que celui propos\u00e9 au format CSV, mais directement exploitable par le logiciel Excel.<\/p>\n<p><img data-recalc-dims=\"1\" decoding=\"async\" src=\"https:\/\/i0.wp.com\/dsn4u.free.fr\/images\/Utilisation006.jpeg?w=1100\" \/><\/p>\n<p>La liste des colonnes pr\u00e9sentent dans les fichiers r\u00e9sultats correspond \u00e0 une partie cl\u00e9 et une partie donn\u00e9e du groupe.<\/p>\n<p><img data-recalc-dims=\"1\" decoding=\"async\" src=\"https:\/\/i0.wp.com\/dsn4u.free.fr\/images\/Utilisation007.jpeg?w=1100\" \/><\/p>\n<p>La partie entour\u00e9e en bleu correspond \u00e0 la cl\u00e9 et la partie en vert correspond aux donn\u00e9es s\u00e9lectionn\u00e9es du groupe. Toutes ces donn\u00e9es peuvent \u00eatre identifi\u00e9es au niveau du fichier de param\u00e9trage norme DADS-U.<\/p>\n<p><img data-recalc-dims=\"1\" decoding=\"async\" src=\"https:\/\/i0.wp.com\/dsn4u.free.fr\/images\/Utilisation008.jpeg?w=1100\" \/> <img data-recalc-dims=\"1\" decoding=\"async\" src=\"https:\/\/i0.wp.com\/dsn4u.free.fr\/images\/Utilisation009.jpeg?w=1100\" \/> <img data-recalc-dims=\"1\" decoding=\"async\" src=\"https:\/\/i0.wp.com\/dsn4u.free.fr\/images\/Utilisation010.jpeg?w=1100\" \/><\/p>\n<h1>Aspects techniques<\/h1>\n<h2>Le fichier Param.cfg<\/h2>\n<p>Ce fichier se situe \u00e0 la racine du r\u00e9pertoire d\u2019installation du logiciel, par d\u00e9faut\u00a0: C:\\Program Files\\DADSU_CSV_V01X09.<\/p>\n<p>Il contient les \u00e9l\u00e9ments suivants\u00a0:<\/p>\n<ul>\n<li>[NORMEXML]=.\\box\\normeV01X09.xml<\/li>\n<li>[STRUCXML]=.\\box\\structureV01X09.xml<\/li>\n<li>[FICDADSU]=H:\\001 &#8211; SIRH\\E BOCQUET\\Intervention\\DADS-U\\testDADS-U_V01X09.txt<\/li>\n<li>[FICRESUL]=Resultat_V01X07<\/li>\n<li>[REPRESUL]=C:\\Documents and Settings\\EBO\\Bureau<\/li>\n<\/ul>\n<p>Il s\u2019agit d\u2019une partie des donn\u00e9es pr\u00e9sentes \u00e0 l\u2019\u00e9cran, dans la partie configuration du logiciel. Il est possible de modifier directement ce fichier, mais cela reste assez dangereux et il faudra recharger ce fichier ou red\u00e9marrer le logiciel pour que les nouvelles valeurs soient correctement prises en compte.<\/p>\n<h2>Le fichier Norme DADS-U.xml<\/h2>\n<p>Ce fichier se situe dans le r\u00e9pertoire \u00ab\u00a0box\u00a0\u00bb du r\u00e9pertoire d\u2019installation du logiciel, par d\u00e9faut\u00a0: C:\\Program Files\\DADSU_CSV_V01X07\\box.<\/p>\n<p>Il contient les \u00e9l\u00e9ments suivants\u00a0:<\/p>\n<p><img data-recalc-dims=\"1\" decoding=\"async\" src=\"https:\/\/i0.wp.com\/dsn4u.free.fr\/images\/Utilisation011.jpeg?w=1100\" \/><\/p>\n<p>Il s\u2019agit d\u2019un fichier XML, dont la racine correspond \u00e0 la balise \u00ab\u00a0norme\u00a0\u00bb. Puis \u00e0 l\u2019int\u00e9rieur de cette balise, on va d\u00e9crire l\u2019ensemble de la norme DADS-U en cours d\u2019utilisation. Chaque ligne correspond \u00e0 une balise \u00ab\u00a0rubrique\u00a0\u00bb. Chaque balise \u00ab\u00a0rubrique\u00a0\u00bb contient d\u2019autres balises.<\/p>\n<ul>\n<li>La balise \u00ab\u00a0key\u00a0\u00bb repr\u00e9sente la partie cl\u00e9, si la valeur est \u00e0 \u00ab\u00a0true\u00a0\u00bb, cette rubrique sera consid\u00e9r\u00e9e par le syst\u00e8me comme faisant partie de la cl\u00e9, sinon non.<\/li>\n<li>La balise \u00ab\u00a0value\u00a0\u00bb repr\u00e9sente le code rubrique DADS-U (S**.G**.**).<\/li>\n<li>La balise \u00ab\u00a0selection\u00a0\u00bb repr\u00e9sente la coche dans le tableau qui est affich\u00e9 par le logiciel. Si la valeur est \u00e0 \u00ab\u00a0true\u00a0\u00bb, cette rubrique sera s\u00e9lectionn\u00e9e pour \u00eatre convertie, sinon non.<\/li>\n<li>La balise \u00ab\u00a0libelle\u00a0\u00bb contient le libell\u00e9 de la rubrique DADS-U (pour cette norme).<\/li>\n<li>La balise \u00ab\u00a0condition\u00a0\u00bb contient le groupe de structure ou la colonne \u00ab\u00a0regroupement\u00a0\u00bb du tableau. C\u2019est \u00e0 partir de cette colonne que l\u2019on regroupe les rubriques au sein d\u2019un m\u00eame fichier (sauf cas particulier des cl\u00e9s).<\/li>\n<li>La balise \u00ab\u00a0longueur\u00a0\u00bb contient une valeur permettant d\u2019indiquer au syst\u00e8me comment g\u00e9rer l\u2019extraction de cette rubrique. \u00ab\u00a0C\u00a0\u00bb pour court (Ex\u00a0: S20.G01.00.001) et \u00ab\u00a0L\u00a0\u00bb pour long (Ex\u00a0: S20.G01.00.003.001).<\/li>\n<li>La balise \u00ab\u00a0type\u00a0\u00bb contient une valeur permettant d\u2019indiquer au syst\u00e8me comment g\u00e9rer les donn\u00e9es de cette rubrique. \u00ab\u00a0C\u00a0\u00bb par d\u00e9faut et pour les codes, \u00ab\u00a0M\u00a0\u00bb pour un montant et \u00ab\u00a0S\u00a0\u00bb pour le signe.<\/li>\n<\/ul>\n<h2>Le fichier Structure DADS-U.xml<\/h2>\n<p>Ce fichier se situe dans le r\u00e9pertoire \u00ab\u00a0box\u00a0\u00bb du r\u00e9pertoire d\u2019installation du logiciel, par d\u00e9faut\u00a0: C:\\Program Files\\DADSU_CSV_V01X09\\box.<\/p>\n<p>Il contient les \u00e9l\u00e9ments suivants\u00a0:<\/p>\n<p><img data-recalc-dims=\"1\" decoding=\"async\" src=\"https:\/\/i0.wp.com\/dsn4u.free.fr\/images\/Utilisation012.jpeg?w=1100\" \/><\/p>\n<p>Il s\u2019agit d\u2019un fichier XML, dont la racine correspond \u00e0 la balise \u00ab\u00a0structures\u00a0\u00bb. Puis \u00e0 l\u2019int\u00e9rieure de cette balise, on va d\u00e9crire l\u2019ensemble des groupes de structure de la norme DADS-U en cours d\u2019utilisation. Chaque ligne correspond \u00e0 une balise \u00ab\u00a0structure\u00a0\u00bb. Chaque balise \u00ab\u00a0structure\u00a0\u00bb contient d\u2019autres balises. Il s\u2019agit surtout d\u2019indiquer la hi\u00e9rarchie entre les diff\u00e9rents groupes de structure.<\/p>\n<\/div><div class=\"fusion-clearfix\"><\/div><\/div><\/div><\/div><\/div>\n","protected":false},"excerpt":{"rendered":"","protected":false},"author":1,"featured_media":0,"parent":54,"menu_order":0,"comment_status":"closed","ping_status":"closed","template":"","meta":{"_uf_show_specific_survey":0,"_uf_disable_surveys":false,"jetpack_post_was_ever_published":false,"footnotes":""},"class_list":["post-116","page","type-page","status-publish","hentry"],"jetpack_sharing_enabled":true,"jetpack_shortlink":"https:\/\/wp.me\/P9vk3y-1S","jetpack_likes_enabled":true,"jetpack-related-posts":[],"_links":{"self":[{"href":"https:\/\/bssolutionexpertise.com\/index.php\/wp-json\/wp\/v2\/pages\/116","targetHints":{"allow":["GET"]}}],"collection":[{"href":"https:\/\/bssolutionexpertise.com\/index.php\/wp-json\/wp\/v2\/pages"}],"about":[{"href":"https:\/\/bssolutionexpertise.com\/index.php\/wp-json\/wp\/v2\/types\/page"}],"author":[{"embeddable":true,"href":"https:\/\/bssolutionexpertise.com\/index.php\/wp-json\/wp\/v2\/users\/1"}],"replies":[{"embeddable":true,"href":"https:\/\/bssolutionexpertise.com\/index.php\/wp-json\/wp\/v2\/comments?post=116"}],"version-history":[{"count":1,"href":"https:\/\/bssolutionexpertise.com\/index.php\/wp-json\/wp\/v2\/pages\/116\/revisions"}],"predecessor-version":[{"id":611,"href":"https:\/\/bssolutionexpertise.com\/index.php\/wp-json\/wp\/v2\/pages\/116\/revisions\/611"}],"up":[{"embeddable":true,"href":"https:\/\/bssolutionexpertise.com\/index.php\/wp-json\/wp\/v2\/pages\/54"}],"wp:attachment":[{"href":"https:\/\/bssolutionexpertise.com\/index.php\/wp-json\/wp\/v2\/media?parent=116"}],"curies":[{"name":"wp","href":"https:\/\/api.w.org\/{rel}","templated":true}]}}