{"id":138,"date":"2017-11-12T11:27:22","date_gmt":"2017-11-12T10:27:22","guid":{"rendered":"http:\/\/localhost\/wordpress\/?page_id=138"},"modified":"2024-11-20T18:21:27","modified_gmt":"2024-11-20T17:21:27","slug":"acceuil-bs-solutions-et-expertises","status":"publish","type":"page","link":"https:\/\/bssolutionexpertise.com\/","title":{"rendered":"D\u00e9couvrez nos solutions HR4You (HRAccess)"},"content":{"rendered":"<p><div class=\"fusion-fullwidth fullwidth-box fusion-builder-row-1 nonhundred-percent-fullwidth non-hundred-percent-height-scrolling\" style=\"background-color: rgba(255,255,255,0);background-position: center center;background-repeat: no-repeat;padding-top:20px;padding-right:0px;padding-bottom:0px;padding-left:0px;margin-bottom: 0px;margin-top: 0px;border-width: 0px 0px 0px 0px;border-color:#eae9e9;border-style:solid;\" ><div class=\"fusion-builder-row fusion-row\"><div class=\"fusion-layout-column fusion_builder_column fusion-builder-column-0 fusion_builder_column_1_2 1_2 fusion-one-half fusion-column-first\" style=\"width:50%;width:calc(50% - ( ( 4% ) * 0.5 ) );margin-right: 4%;margin-top:0px;margin-bottom:20px;\"><div class=\"fusion-column-wrapper fusion-flex-column-wrapper-legacy\" style=\"background-position:left top;background-repeat:no-repeat;-webkit-background-size:cover;-moz-background-size:cover;-o-background-size:cover;background-size:cover;padding: 0px 0px 0px 0px;\"><div class=\"fusion-text fusion-text-1\"><h1>Assistant HR4You<\/h1>\n<p>Si vous utilisez le progiciel HR4YOU (HR Access), cet assistant vous permettra de compl\u00e9ter l&rsquo;offre de l&rsquo;\u00e9diteur, de gagner du temps et de r\u00e9duire vos co\u00fbts, gr\u00e2ce \u00e0 plus de 80 fonctionnalit\u00e9s. Demandez lui de r\u00e9aliser ces actions \u00e0 votre place et il s\u2019en chargera automatiquement et rapidement.<\/p>\n<ul>\n<li>Suivi<\/li>\n<li>Analyse<\/li>\n<li>Comparaison<\/li>\n<li>G\u00e9n\u00e9ration de bordereau automatis\u00e9e<\/li>\n<\/ul>\n<\/div><div class=\"fusion-aligncenter\"><a class=\"fusion-button button-flat fusion-button-default-size button-blue button-1 fusion-button-default-span fusion-button-default-type\" target=\"_self\" href=\"https:\/\/bssolutionexpertise.com\/index.php\/assistant-hra\/\"><i class=\"fa-binoculars fas button-icon-left\" aria-hidden=\"true\"><\/i><span class=\"fusion-button-text\">D\u00e9couvrir<\/span><\/a><\/div><div class=\"fusion-clearfix\"><\/div><\/div><\/div><div class=\"fusion-layout-column fusion_builder_column fusion-builder-column-1 fusion_builder_column_1_2 1_2 fusion-one-half fusion-column-last\" style=\"width:50%;width:calc(50% - ( ( 4% ) * 0.5 ) );margin-top:0px;margin-bottom:20px;\"><div class=\"fusion-column-wrapper fusion-flex-column-wrapper-legacy\" style=\"background-position:left top;background-repeat:no-repeat;-webkit-background-size:cover;-moz-background-size:cover;-o-background-size:cover;background-size:cover;padding: 0px 0px 0px 0px;\"><div class=\"imageframe-liftup\"><span class=\" fusion-imageframe imageframe-none imageframe-1\"><img data-recalc-dims=\"1\" decoding=\"async\" width=\"300\" height=\"300\" alt=\"Assistant HRa\" title=\"Logo-Assistant-HRa\" src=\"https:\/\/i0.wp.com\/bssolutionexpertise.com\/wp-content\/uploads\/2017\/11\/Logo-Assistant-HRa-1.png?resize=300%2C300&#038;ssl=1\" class=\"img-responsive wp-image-241\" srcset=\"https:\/\/i0.wp.com\/bssolutionexpertise.com\/wp-content\/uploads\/2017\/11\/Logo-Assistant-HRa-1.png?resize=66%2C66&amp;ssl=1 66w, https:\/\/i0.wp.com\/bssolutionexpertise.com\/wp-content\/uploads\/2017\/11\/Logo-Assistant-HRa-1.png?resize=150%2C150&amp;ssl=1 150w, https:\/\/i0.wp.com\/bssolutionexpertise.com\/wp-content\/uploads\/2017\/11\/Logo-Assistant-HRa-1.png?resize=200%2C200&amp;ssl=1 200w, https:\/\/i0.wp.com\/bssolutionexpertise.com\/wp-content\/uploads\/2017\/11\/Logo-Assistant-HRa-1.png?resize=300%2C300&amp;ssl=1 300w, https:\/\/i0.wp.com\/bssolutionexpertise.com\/wp-content\/uploads\/2017\/11\/Logo-Assistant-HRa-1.png?resize=400%2C399&amp;ssl=1 400w, https:\/\/i0.wp.com\/bssolutionexpertise.com\/wp-content\/uploads\/2017\/11\/Logo-Assistant-HRa-1.png?resize=600%2C599&amp;ssl=1 600w, https:\/\/i0.wp.com\/bssolutionexpertise.com\/wp-content\/uploads\/2017\/11\/Logo-Assistant-HRa-1.png?w=657&amp;ssl=1 657w\" sizes=\"(max-width: 800px) 100vw, 600px\" \/><\/span><\/div><div class=\"fusion-clearfix\"><\/div><\/div><\/div><\/div><\/div><div class=\"fusion-fullwidth fullwidth-box fusion-builder-row-2 nonhundred-percent-fullwidth non-hundred-percent-height-scrolling\" style=\"background-color: rgba(255,255,255,0);background-position: center center;background-repeat: no-repeat;padding-top:0px;padding-right:0px;padding-bottom:0px;padding-left:0px;margin-bottom: 0px;margin-top: 0px;border-width: 0px 0px 0px 0px;border-color:#eae9e9;border-style:solid;\" ><div class=\"fusion-builder-row fusion-row\"><div class=\"fusion-layout-column fusion_builder_column fusion-builder-column-2 fusion_builder_column_1_2 1_2 fusion-one-half fusion-column-first\" style=\"width:50%;width:calc(50% - ( ( 4% ) * 0.5 ) );margin-right: 4%;margin-top:0px;margin-bottom:20px;\"><div class=\"fusion-column-wrapper fusion-flex-column-wrapper-legacy\" style=\"background-position:left top;background-repeat:no-repeat;-webkit-background-size:cover;-moz-background-size:cover;-o-background-size:cover;background-size:cover;padding: 0px 0px 0px 0px;\"><div class=\"imageframe-align-center\"><div class=\"imageframe-liftup\"><span class=\" fusion-imageframe imageframe-none imageframe-2\"><a href=\"https:\/\/i0.wp.com\/bssolutionexpertise.com\/wp-content\/uploads\/2017\/11\/DSN-XLS.png?ssl=1\" class=\"fusion-lightbox\" data-rel=\"iLightbox[ef3571580b2ef6c3447]\" data-title=\"DSN-XLS\" title=\"DSN-XLS\"><img data-recalc-dims=\"1\" decoding=\"async\" width=\"827\" height=\"631\" alt=\"DSN-XLS\" src=\"https:\/\/i0.wp.com\/bssolutionexpertise.com\/wp-content\/uploads\/2017\/11\/DSN-XLS_horscadre.png?resize=827%2C631&#038;ssl=1\" class=\"img-responsive wp-image-267\" srcset=\"https:\/\/i0.wp.com\/bssolutionexpertise.com\/wp-content\/uploads\/2017\/11\/DSN-XLS_horscadre.png?resize=200%2C153&amp;ssl=1 200w, https:\/\/i0.wp.com\/bssolutionexpertise.com\/wp-content\/uploads\/2017\/11\/DSN-XLS_horscadre.png?resize=300%2C229&amp;ssl=1 300w, https:\/\/i0.wp.com\/bssolutionexpertise.com\/wp-content\/uploads\/2017\/11\/DSN-XLS_horscadre.png?resize=400%2C305&amp;ssl=1 400w, https:\/\/i0.wp.com\/bssolutionexpertise.com\/wp-content\/uploads\/2017\/11\/DSN-XLS_horscadre.png?resize=600%2C458&amp;ssl=1 600w, https:\/\/i0.wp.com\/bssolutionexpertise.com\/wp-content\/uploads\/2017\/11\/DSN-XLS_horscadre.png?resize=768%2C586&amp;ssl=1 768w, https:\/\/i0.wp.com\/bssolutionexpertise.com\/wp-content\/uploads\/2017\/11\/DSN-XLS_horscadre.png?resize=800%2C610&amp;ssl=1 800w, https:\/\/i0.wp.com\/bssolutionexpertise.com\/wp-content\/uploads\/2017\/11\/DSN-XLS_horscadre.png?w=827&amp;ssl=1 827w\" sizes=\"(max-width: 800px) 100vw, 600px\" \/><\/a><\/span><\/div><\/div><div class=\"fusion-clearfix\"><\/div><\/div><\/div><div class=\"fusion-layout-column fusion_builder_column fusion-builder-column-3 fusion_builder_column_1_2 1_2 fusion-one-half fusion-column-last\" style=\"width:50%;width:calc(50% - ( ( 4% ) * 0.5 ) );margin-top:0px;margin-bottom:20px;\"><div class=\"fusion-column-wrapper fusion-flex-column-wrapper-legacy\" style=\"background-position:left top;background-repeat:no-repeat;-webkit-background-size:cover;-moz-background-size:cover;-o-background-size:cover;background-size:cover;padding: 0px 0px 0px 0px;\"><style type=\"text\/css\"><\/style><div class=\"fusion-title title fusion-title-1 fusion-title-text fusion-title-size-one\" style=\"margin-top:0px;margin-right:0px;margin-bottom:31px;margin-left:0px;\"><h1 class=\"title-heading-left\" style=\"margin:0;color:#f44336;\"><h1 style=\"text-align: center;\"><strong>DSN XLS<\/strong><\/h1><\/h1><span class=\"awb-title-spacer\"><\/span><div class=\"title-sep-container\"><div class=\"title-sep sep-double sep-solid\" style=\"border-color:#fffcfc;\"><\/div><\/div><\/div><div class=\"fusion-text fusion-text-2\"><p style=\"text-align: center;\">Convertissez vos fichiers DSN au format CSV, XLS ou XLSX.<\/p>\n<p style=\"text-align: center;\">Simple et rapide, n&rsquo;attendez plus pour exploiter et contr\u00f4ler vos donn\u00e9es DSN.<\/p>\n<\/div><div class=\"fusion-aligncenter\"><a class=\"fusion-button button-flat fusion-button-default-size button-orange button-2 fusion-button-default-span fusion-button-default-type\" target=\"_self\" href=\"https:\/\/bssolutionexpertise.com\/index.php\/dsn-xls\/\"><i class=\"fa-binoculars fas button-icon-left\" aria-hidden=\"true\"><\/i><span class=\"fusion-button-text\">D\u00e9couvrir<\/span><\/a><\/div><div class=\"fusion-sep-clear\"><\/div><div class=\"fusion-separator\" style=\"margin-left: auto;margin-right: auto;width:100%;max-width:10px;\"><\/div><div class=\"fusion-sep-clear\"><\/div><div class=\"fusion-aligncenter\"><style type=\"text\/css\">.fusion-button.button-3 {border-radius:7px;}<\/style><a class=\"fusion-button button-flat fusion-button-default-size button-default button-3 fusion-button-default-span fusion-button-default-type\" target=\"_self\" href=\"https:\/\/bssolutionexpertise.com\/index.php\/produit\/dsn-xls\/\"><i class=\"fa-download fas button-icon-left\" aria-hidden=\"true\"><\/i><span class=\"fusion-button-text\">T\u00e9l\u00e9charger<\/span><\/a><\/div><div class=\"fusion-clearfix\"><\/div><\/div><\/div><div class=\"fusion-layout-column fusion_builder_column fusion-builder-column-4 fusion_builder_column_1_1 1_1 fusion-one-full fusion-column-first fusion-column-last\" style=\"margin-top:0px;margin-bottom:20px;\"><div class=\"fusion-column-wrapper fusion-flex-column-wrapper-legacy\" style=\"background-position:left top;background-repeat:no-repeat;-webkit-background-size:cover;-moz-background-size:cover;-o-background-size:cover;background-size:cover;padding: 0px 0px 0px 0px;\"><div class=\"fusion-clearfix\"><\/div><\/div><\/div><\/div><\/div><\/p>\n","protected":false},"excerpt":{"rendered":"","protected":false},"author":1,"featured_media":0,"parent":0,"menu_order":0,"comment_status":"closed","ping_status":"closed","template":"","meta":{"_uf_show_specific_survey":0,"_uf_disable_surveys":false,"jetpack_post_was_ever_published":false,"footnotes":""},"class_list":["post-138","page","type-page","status-publish","hentry"],"jetpack_sharing_enabled":true,"jetpack_shortlink":"https:\/\/wp.me\/P9vk3y-2e","jetpack_likes_enabled":true,"jetpack-related-posts":[],"_links":{"self":[{"href":"https:\/\/bssolutionexpertise.com\/index.php\/wp-json\/wp\/v2\/pages\/138","targetHints":{"allow":["GET"]}}],"collection":[{"href":"https:\/\/bssolutionexpertise.com\/index.php\/wp-json\/wp\/v2\/pages"}],"about":[{"href":"https:\/\/bssolutionexpertise.com\/index.php\/wp-json\/wp\/v2\/types\/page"}],"author":[{"embeddable":true,"href":"https:\/\/bssolutionexpertise.com\/index.php\/wp-json\/wp\/v2\/users\/1"}],"replies":[{"embeddable":true,"href":"https:\/\/bssolutionexpertise.com\/index.php\/wp-json\/wp\/v2\/comments?post=138"}],"version-history":[{"count":38,"href":"https:\/\/bssolutionexpertise.com\/index.php\/wp-json\/wp\/v2\/pages\/138\/revisions"}],"predecessor-version":[{"id":11425,"href":"https:\/\/bssolutionexpertise.com\/index.php\/wp-json\/wp\/v2\/pages\/138\/revisions\/11425"}],"wp:attachment":[{"href":"https:\/\/bssolutionexpertise.com\/index.php\/wp-json\/wp\/v2\/media?parent=138"}],"curies":[{"name":"wp","href":"https:\/\/api.w.org\/{rel}","templated":true}]}}