{"id":172,"date":"2017-11-12T17:20:54","date_gmt":"2017-11-12T16:20:54","guid":{"rendered":"http:\/\/localhost\/wordpress\/?page_id=172"},"modified":"2017-11-12T17:20:54","modified_gmt":"2017-11-12T16:20:54","slug":"politique-de-confidentialite","status":"publish","type":"page","link":"https:\/\/bssolutionexpertise.com\/index.php\/politique-de-confidentialite\/","title":{"rendered":"Politique de confidentialit\u00e9"},"content":{"rendered":"<h1>Politique de confidentialit\u00e9<\/h1>\n<div class=\"container-fluid\">\n<div class=\"row\">\n<div class=\"col-sm-10\">\n<h2>D\u00c9CLARATION DE CONFIDENTIALIT\u00c9 DU SITE : WWW.BS-SE.COM<\/h2>\n<p><b>DATE DE DERNI\u00c8RE MISE A JOUR<\/b> : le 30\/06\/2017Sur le site www.bs-se.com (si apr\u00e8s d\u00e9nomm\u00e9 le \u00ab\u00a0Site\u00a0\u00bb), nous nous attachons \u00e0 prot\u00e9ger vos donn\u00e9es personnelles. Cette d\u00e9claration de confidentialit\u00e9 s\u2019applique uniquement \u00e0 ce site ; elle ne peut pas s\u2019appliquer \u00e0 d\u2019autres sites, en ligne ou non, ni \u00e0 d\u2019autres produits ou services. En acc\u00e9dant au Site, vous acceptez l&rsquo;enregistrement de vos informations et les conditions d&rsquo;utilisation d\u00e9crites dans cette d\u00e9claration de confidentialit\u00e9.<\/p>\n<h3>COLLECTE DE VOS INFORMATIONS PERSONNELLES<\/h3>\n<p>Nous vous demanderons des informations lorsque nous aurons besoin de donn\u00e9es permettant de vous identifier personnellement (informations personnelles) ou dans le but de vous contacter. En g\u00e9n\u00e9ral, ces informations sont n\u00e9cessaires lorsque nous vous fournissons un service ou effectuons une transaction dont vous avez fait la demande, par exemple pour des informations sur des produits et services de ce Site, l&rsquo;inscription \u00e0 un concours, la commande de bulletins d&rsquo;information par courrier \u00e9lectronique, l&rsquo;acc\u00e8s \u00e0 un site prioritaire \u00e0 acc\u00e8s limit\u00e9 ou l&rsquo;achat et l&rsquo;enregistrement de produits sur ce Site. Les informations personnelles que nous collectons peuvent comprendre votre nom, votre fonction, le siret et le nom de votre entreprise ou de votre organisation, votre adresse de messagerie professionnelle, votre num\u00e9ro de t\u00e9l\u00e9phone professionnel, votre adresse postale professionnelle, des informations sur votre fonction ou sur votre entreprise. Le Site peut \u00e9galement collecter des informations sur votre visite, dont le nom de votre fournisseur d&rsquo;acc\u00e8s Internet et l&rsquo;adresse IP utilis\u00e9s pour acc\u00e9der \u00e0 Internet, la date et l&rsquo;heure d&rsquo;acc\u00e8s au site, les pages auxquelles vous acc\u00e9dez sur le Site et l&rsquo;URL du site \u00e0 partir duquel vous \u00eates arriv\u00e9 sur notre site. Ces informations sont destin\u00e9es \u00e0 l&rsquo;analyse des tendances et \u00e0 l&rsquo;administration et l&rsquo;am\u00e9lioration du Site.<\/p>\n<p>Afin d&rsquo;\u00e9viter que votre adresse de messagerie ou d&rsquo;autres informations personnelles ne soient r\u00e9cup\u00e9r\u00e9es et mal utilis\u00e9es par d&rsquo;autres, nous vous recommande d&rsquo;\u00eatre prudent quant \u00e0 l&rsquo;utilisation d&rsquo;une adresse de messagerie existante ou d&rsquo;autres informations personnelles dans des groupes de discussion, des conversations ou autres forums publics.<\/p>\n<h4>UTILISATION DE VOS DONN\u00c9ES PERSONNELLES<\/h4>\n<p>Les informations personnelles collect\u00e9es sur ce Site sont utilis\u00e9es pour le fonctionnement du Site et pour nous permettre de vous fournir le service ou de mener \u00e0 bien la transaction que vous avez demand\u00e9 ou autoris\u00e9.<\/p>\n<p>Dans le cadre de ces utilisations, ce Site peut utiliser des informations personnelles dans le but de vous fournir un service client\u00e8le plus efficace, pour am\u00e9liorer le Site et tout autre produit ou service de ce Site et pour vous faciliter la navigation en vous \u00e9vitant d&rsquo;entrer plusieurs fois les m\u00eames informations ou en adaptant le site \u00e0 vos pr\u00e9f\u00e9rences ou vos int\u00e9r\u00eats. Afin de vous proposer un environnement constant dans vos interactions avec notre Site, les informations collect\u00e9es peuvent \u00eatre utilis\u00e9es en combinaison avec celles collect\u00e9es par d&rsquo;autres services de notre Site.<\/p>\n<p>Nous pouvons utiliser vos informations personnelles pour vous faire parvenir des informations importantes sur le produit ou le service que vous utilisez.<\/p>\n<p>Nous combinons les donn\u00e9es de visites du site avec des donn\u00e9es d\u00e9mographiques anonymes dans le but d\u2019effectuer des recherches ; les volumes d\u2019informations obtenus sont utilis\u00e9s de mani\u00e8re \u00e0 vous fournir le contenu que vous attendez. Dans certaines zones d\u2019acc\u00e8s limit\u00e9 de notre Site, avec votre accord, nous combinerons les donn\u00e9es de visite du site avec vos donn\u00e9es personnelles de mani\u00e8re \u00e0 vous proposer des contenus personnalis\u00e9s. Sans votre autorisation, nous ne serons pas en mesure de vous fournir un service personnalis\u00e9 et nous ne pourrons pas combiner vos donn\u00e9es personnelles avec celles des visites du site.<\/p>\n<p>Lorsque vous vous inscrivez \u00e0 un bulletin d&rsquo;information ou que vous d\u00e9clarer que vous souhaitez recevoir des messages \u00e9lectroniques publicitaires, notre Site peut utiliser des liens personnalis\u00e9s ou d&rsquo;autres technologies similaires pour suivre les liens sur lesquels vous cliquez dans les messages \u00e9lectroniques. Nous pouvons associer ces informations \u00e0 vos informations personnelles afin de vous envoyer des messages ou des informations encore plus cibl\u00e9s.<\/p>\n<p>Nous communiquerons vos informations personnelles uniquement si la loi l\u2019exige ou si nous pensons en toute bonne fois qu\u2019il est n\u00e9cessaire de nous conformer \u00e0 des d\u00e9crets de loi ou \u00e0 une proc\u00e9dure l\u00e9gale, prot\u00e9ger et d\u00e9fendre nos droits ou nos propri\u00e9t\u00e9s et agir dans des cas d\u2019urgence pour prot\u00e9ger la s\u00e9curit\u00e9 personnelle de nos employ\u00e9s et utilisateurs du site.<\/p>\n<p>Les informations personnelles collect\u00e9es sur le Site peuvent \u00eatre stock\u00e9es et utilis\u00e9es en France ou dans tout autre pays par ses filiales, ses partenaires ou ses agents sont pr\u00e9sents. En utilisant le Site, vous consentez \u00e0 de tels transferts de vos informations personnelles en dehors de votre pays.<\/p>\n<p>Nous respectons et nous conformons \u00e0 la loi du 6 janvier 1978.<\/p>\n<h4>CONTR\u00d4LE DE VOS INFORMATIONS PERSONNELLES<\/h4>\n<p>Sauf indication contraire dans cette d\u00e9claration, les informations personnelles que vous fournissez sur le Site ne seront pas transmises en dehors notre soci\u00e9t\u00e9, de ses filiales et partenaires sans votre autorisation. Tel que d\u00e9crit dans la section qui suit, vous pouvez acc\u00e9der \u00e0 vos informations personnelles et choisir comme vous souhaitez \u00eatre contact\u00e9.<\/p>\n<p>Cette d\u00e9claration de confidentialit\u00e9 et les choix que vous faites sur le Site ne s&rsquo;appliquent pas forc\u00e9ment aux informations personnelles que vous nous avez fournies dans le contexte d&rsquo;autres produits ou services distincts.<\/p>\n<p>Nous pouvons vous envoyer r\u00e9guli\u00e8rement des courriers \u00e9lectroniques pour vous informer des probl\u00e8mes de service technique ou de s\u00e9curit\u00e9 li\u00e9s \u00e0 un produit ou un service que vous avez demand\u00e9, ou accuser r\u00e9ception d\u2019une demande de produit ou de service. Dans certains services offerts sur notre Site, le contact avec le client est un \u00e9l\u00e9ment essentiel du service.<\/p>\n<h4>ACC\u00c8S A VOS DONN\u00c9ES PERSONNELLES<\/h4>\n<p>Vous pouvez rectifier vos donn\u00e9es personnelles et vos informations de contact sur ce Site apr\u00e8s vous \u00eatre identifi\u00e9.<\/p>\n<p>Certains services que nous offrons peuvent recueillir des informations non accessibles par le biais de vos param\u00e8tres personnels. Toutefois, dans ce cas, vous pouvez acc\u00e9der \u00e0 vos donn\u00e9es personnelles en nous contactant comme expliqu\u00e9 au bas de cette d\u00e9claration, ou via d\u2019autres sources de communication d\u00e9crites par le service.<\/p>\n<h3>PROTECTION DES INFORMATIONS PERSONNELLES DES ENFANTS<\/h3>\n<p>Notre Site ne collecte pas volontairement les informations personnelles des enfants.<\/p>\n<h3>COOKIES<\/h3>\n<p>Les cookies sont utilis\u00e9s sur ce Site pour assurer l&rsquo;int\u00e9grit\u00e9 du processus d&rsquo;inscription et pour personnaliser le Site. Un cookie est un petit fichier texte plac\u00e9 sur votre disque dur par un serveur de pages Web. Il ne peut pas \u00eatre utilis\u00e9 pour ex\u00e9cuter des programmes ou pour infecter votre ordinateur avec des virus. Les cookies vous sont adress\u00e9s exclusivement et peuvent \u00eatre lus uniquement par les serveurs Web appartenant au domaine qui vous a livr\u00e9 le cookie.<\/p>\n<p>L\u2019une des principales fonctions pratiques des cookies est de vous faire gagner du temps. Par exemple, si vous personnalisez une page Web, ou naviguez dans un site, le cookie aidera le site \u00e0 trouver vos informations sp\u00e9cifiques au cours des visites suivantes. Cela permet, notamment, de simplifier le processus de livraison des contenus qui vous int\u00e9ressent et la navigation sur le site. Lorsque vous revenez sur le site, les informations que vous avez fournies auparavant sont r\u00e9utilis\u00e9es pour vous permettre d\u2019utiliser plus facilement les fonctions du site que vous avez personnalis\u00e9.<\/p>\n<p>Vous pouvez accepter ou refuser les cookies. La plupart des navigateurs Web acceptent les cookies automatiquement, mais vous pouvez modifier les param\u00e8tres de votre navigateur pour leur refuser l\u2019acc\u00e8s \u00e0 votre ordinateur si vous le souhaitez. Si vous choisissez de refuser les cookies, vous risquez de ne pas pouvoir utiliser compl\u00e8tement les fonctions interactives de ce site ou d\u2019autres sites Web que vous visiterez.<\/p>\n<h4>APPLICATION DE CETTE D\u00c9CLARATION DE CONFIDENTIALIT\u00c9<\/h4>\n<p>Si vous avez des questions concernant cette d\u00e9claration, contactez-nous par le biais du formulaire \u00ab\u00a0Contacts\u00a0\u00bb que nous mettons \u00e0 votre disposition et auquel vous avez librement acc\u00e8s.<\/p>\n<h4>MODIFICATIONS DE CETTE D\u00c9CLARATION DE CONFIDENTIALIT\u00c9<\/h4>\n<p>Nous mettons occasionnellement \u00e0 jour cette d\u00e9claration de confidentialit\u00e9. Dans ce cas, nous corrigeons \u00e9galement la \u00ab DATE DE DERNI\u00c8RE MISE A JOUR \u00bb en haut de la d\u00e9claration de confidentialit\u00e9. En cas de modifications substantielles de cette d\u00e9claration, nous vous le signalerons en pla\u00e7ant une notice visible sur la page d&rsquo;accueil du site ou en vous envoyant directement une notification. Nous vous encourageons \u00e0 consulter r\u00e9guli\u00e8rement cette d\u00e9claration de confidentialit\u00e9 afin de rester inform\u00e9 de comment nous vous aidons \u00e0 prot\u00e9ger les informations personnelles que nous collectons. L&rsquo;utilisation continue de ce service constitue votre accord quant \u00e0 cette d\u00e9claration de confidentialit\u00e9 et \u00e0 ses mises \u00e0 jour.<\/p>\n<h3>CONTACTS<\/h3>\n<p>Vos commentaires concernant cette d\u00e9claration de confidentialit\u00e9 sont les bienvenus. Si vous estimez que notre Site n&rsquo;a pas respect\u00e9 cette d\u00e9claration de confidentialit\u00e9, contactez-nous par voie \u00e9lectronique par le biais du formulaire \u00ab\u00a0Contacts\u00a0\u00bb, et nous userons de tous moyens raisonnables pour rapidement d\u00e9terminer le probl\u00e8me et y rem\u00e9dier.<\/p>\n<\/div>\n<div class=\"col-sm-1\"><\/div>\n<\/div>\n<\/div>\n<footer class=\"footer bg-footer\">\n<div class=\"row\"><\/div>\n<\/footer>\n","protected":false},"excerpt":{"rendered":"<p>Politique de confidentialit\u00e9 D\u00c9CLARATION DE CONFIDENTIALIT\u00c9 DU SITE : WWW.BS-SE.COM [&hellip;]<\/p>\n","protected":false},"author":1,"featured_media":0,"parent":0,"menu_order":0,"comment_status":"closed","ping_status":"closed","template":"","meta":{"_uf_show_specific_survey":0,"_uf_disable_surveys":false,"jetpack_post_was_ever_published":false,"footnotes":""},"class_list":["post-172","page","type-page","status-publish","hentry"],"jetpack_sharing_enabled":true,"jetpack_shortlink":"https:\/\/wp.me\/P9vk3y-2M","jetpack_likes_enabled":true,"jetpack-related-posts":[],"_links":{"self":[{"href":"https:\/\/bssolutionexpertise.com\/index.php\/wp-json\/wp\/v2\/pages\/172","targetHints":{"allow":["GET"]}}],"collection":[{"href":"https:\/\/bssolutionexpertise.com\/index.php\/wp-json\/wp\/v2\/pages"}],"about":[{"href":"https:\/\/bssolutionexpertise.com\/index.php\/wp-json\/wp\/v2\/types\/page"}],"author":[{"embeddable":true,"href":"https:\/\/bssolutionexpertise.com\/index.php\/wp-json\/wp\/v2\/users\/1"}],"replies":[{"embeddable":true,"href":"https:\/\/bssolutionexpertise.com\/index.php\/wp-json\/wp\/v2\/comments?post=172"}],"version-history":[{"count":0,"href":"https:\/\/bssolutionexpertise.com\/index.php\/wp-json\/wp\/v2\/pages\/172\/revisions"}],"wp:attachment":[{"href":"https:\/\/bssolutionexpertise.com\/index.php\/wp-json\/wp\/v2\/media?parent=172"}],"curies":[{"name":"wp","href":"https:\/\/api.w.org\/{rel}","templated":true}]}}