{"id":53,"date":"2017-11-11T22:47:51","date_gmt":"2017-11-11T21:47:51","guid":{"rendered":"http:\/\/localhost\/wordpress\/?page_id=53"},"modified":"2024-11-20T18:23:14","modified_gmt":"2024-11-20T17:23:14","slug":"assistant-hra","status":"publish","type":"page","link":"https:\/\/bssolutionexpertise.com\/index.php\/solutions\/assistant-hra\/","title":{"rendered":"Assistant HR4You"},"content":{"rendered":"<div class=\"fusion-fullwidth fullwidth-box fusion-builder-row-1 nonhundred-percent-fullwidth non-hundred-percent-height-scrolling\" style=\"background-color: rgba(255,255,255,0);background-position: center center;background-repeat: no-repeat;padding-top:0px;padding-right:0px;padding-bottom:0px;padding-left:0px;margin-bottom: 0px;margin-top: 0px;border-width: 0px 0px 0px 0px;border-color:#eae9e9;border-style:solid;\" ><div class=\"fusion-builder-row fusion-row\"><div class=\"fusion-layout-column fusion_builder_column fusion-builder-column-0 fusion_builder_column_1_1 1_1 fusion-one-full fusion-column-first fusion-column-last\" style=\"margin-top:0px;margin-bottom:0px;\"><div class=\"fusion-column-wrapper fusion-flex-column-wrapper-legacy\" style=\"background-position:left top;background-repeat:no-repeat;-webkit-background-size:cover;-moz-background-size:cover;-o-background-size:cover;background-size:cover;padding: 0px 0px 0px 0px;\"><div class=\"fusion-text fusion-text-1\"><h1>L&rsquo;Assistant HR4You<\/h1>\n<p>Votre entreprise \u00e0 acquis le progiciel HR4You (HR Access), mais vous ne le maitrisez pas suffisamment.<\/p>\n<p>L&rsquo;<strong>Assistant HRa<\/strong> est l\u00e0 pour vous aider ! Il va vous permettre de <strong>simplifier vos taches<\/strong>, vous faire <strong>gagner \u00e9norm\u00e9ment de temps<\/strong> et <strong>r\u00e9duire vos co\u00fbts<\/strong>.<\/p>\n<h2><b>Contexte<\/b><\/h2>\n<p>HR Access est l\u2019un des progiciels RH le plus utilis\u00e9 par les entreprise du CAC40 car il couvre une large panel de fonctionnalit\u00e9s et permet une adaptation forte aux processus des entreprises. Sa maitrise <b>demande <\/b>un nombre de <b>connaissances <\/b>et de <b>comp\u00e9tences <\/b>croissant, ce qui a pour cons\u00e9quence <b>un co\u00fbt <\/b>de gestion et de maintenance\u00a0 toujours plus \u00e9lev\u00e9.<\/p>\n<p>La maitrise de votre SIRH, ainsi que la r\u00e9duction et l\u2019optimisation des co\u00fbts devient alors un enjeu majeur pour vos \u00e9quipes.<\/p>\n<h2><b>Notre Offre<\/b><\/h2>\n<p><b>\u00a0<\/b> \u00a0\u00a0\u00a0\u00a0\u00a0\u00a0\u00a0\u00a0\u00a0\u00a0\u00a0\u00a0\u00a0\u00a0\u00a0 Avec plus de 15 ann\u00e9es d\u2019exp\u00e9rience sur l&rsquo;ensemble des domaines du progiciel HR Access, en tant qu\u2019int\u00e9grateur, maitrise d\u2019\u0153uvre et maitrise d\u2019ouvrage, nous avons capitalis\u00e9 toutes nos exp\u00e9riences et connaissances au sein de notre <b>Assistant<\/b> <b>HRa<\/b>. Cet assistant vous permettra de gagner du temps et de r\u00e9duire vos co\u00fbts, gr\u00e2ce \u00e0 plus de 80 fonctionnalit\u00e9s. Demandez lui de r\u00e9aliser ces actions \u00e0 votre place et il s\u2019en chargera automatiquement et rapidement. Le plus difficile sera de s\u2019en passer !<\/p>\n<\/div><div class=\"fusion-text fusion-text-2\"><h2><b>Fonctionnalit\u00e9s<\/b><\/h2>\n<p>D\u00e9couvrez\u00a0 les <a href=\"https:\/\/bssolutionexpertise.com\/index.php\/solutions\/assistant-hra\/fonctionnalites\/\">fonctionnalit\u00e9s<\/a> de l&rsquo;assistant HRa :<\/p>\n<ul>\n<li>Am\u00e9liorer le <a href=\"https:\/\/bssolutionexpertise.com\/index.php\/solutions\/assistant-hra\/fonctionnalites\/parametrage-de-paie\/\">param\u00e9trage de paie<\/a><\/li>\n<li><a href=\"https:\/\/bssolutionexpertise.com\/index.php\/solutions\/assistant-hra\/fonctionnalites\/gestion-des-donnees\/\">G\u00e9rer les donn\u00e9es<\/a> HRa<\/li>\n<li>Analyser <a href=\"https:\/\/bssolutionexpertise.com\/index.php\/solutions\/assistant-hra\/fonctionnalites\/analyse-audience-et-performance\/\">l&rsquo;activit\u00e9 et les performances<\/a> du syst\u00e8me<\/li>\n<li><a href=\"https:\/\/bssolutionexpertise.com\/index.php\/solutions\/assistant-hra\/fonctionnalites\/gestion-des-objets\/\">G\u00e9rer les objets<\/a>\u00a0HRa<\/li>\n<li>G\u00e9n\u00e9ration simplifi\u00e9 des Bordereaux HRa<\/li>\n<li>Analyse des \u00ab\u00a0log\u00a0\u00bb et \u00ab\u00a0Compte rendu\u00a0\u00bb<\/li>\n<li>Revue de code simplifi\u00e9e et automatis\u00e9e<\/li>\n<li>Suivi du SIRH<\/li>\n<\/ul>\n<h2><strong>Brochure<\/strong><\/h2>\n<\/div><div class=\"imageframe-align-center\"><span class=\" fusion-imageframe imageframe-none imageframe-1 hover-type-none\"><a class=\"fusion-no-lightbox\" href=\"https:\/\/bssolutionexpertise.com\/wp-content\/uploads\/2018\/05\/AssistantHRa-V1.2.pdf\" target=\"_self\" aria-label=\"AssistantHRa V1.2\"><img data-recalc-dims=\"1\" decoding=\"async\" width=\"212\" height=\"300\" src=\"https:\/\/i0.wp.com\/bssolutionexpertise.com\/wp-content\/uploads\/2018\/05\/AssistantHRa-V1.2-pdf.jpg?resize=212%2C300&#038;ssl=1\" class=\"img-responsive wp-image-419\"\/><\/a><\/span><\/div><div class=\"fusion-text fusion-text-3\"><h2><strong>Contact<\/strong><\/h2>\n<p>Vous souhaitez une d\u00e9monstration ou un devis, contactez nous :<\/p>\n\n<div class=\"wpcf7 no-js\" id=\"wpcf7-f190-o1\" lang=\"fr-FR\" dir=\"ltr\" data-wpcf7-id=\"190\">\n<div class=\"screen-reader-response\"><p role=\"status\" aria-live=\"polite\" aria-atomic=\"true\"><\/p> <ul><\/ul><\/div>\n<form action=\"\/index.php\/wp-json\/wp\/v2\/pages\/53#wpcf7-f190-o1\" method=\"post\" class=\"wpcf7-form init\" aria-label=\"Formulaire de contact\" novalidate=\"novalidate\" data-status=\"init\">\n<div style=\"display: none;\">\n<input type=\"hidden\" name=\"_wpcf7\" value=\"190\" \/>\n<input type=\"hidden\" name=\"_wpcf7_version\" value=\"6.0.4\" \/>\n<input type=\"hidden\" name=\"_wpcf7_locale\" value=\"fr_FR\" \/>\n<input type=\"hidden\" name=\"_wpcf7_unit_tag\" value=\"wpcf7-f190-o1\" \/>\n<input type=\"hidden\" name=\"_wpcf7_container_post\" value=\"0\" \/>\n<input type=\"hidden\" name=\"_wpcf7_posted_data_hash\" value=\"\" \/>\n<input type=\"hidden\" name=\"_wpcf7_recaptcha_response\" value=\"\" \/>\n<\/div>\n<p><label> Votre nom (obligatoire)<br \/>\n<span class=\"wpcf7-form-control-wrap\" data-name=\"your-name\"><input size=\"40\" maxlength=\"400\" class=\"wpcf7-form-control wpcf7-text wpcf7-validates-as-required\" aria-required=\"true\" aria-invalid=\"false\" value=\"\" type=\"text\" name=\"your-name\" \/><\/span> <\/label>\n<\/p>\n<p><label> Votre e-mail (obligatoire)<br \/>\n<span class=\"wpcf7-form-control-wrap\" data-name=\"your-email\"><input size=\"40\" maxlength=\"400\" class=\"wpcf7-form-control wpcf7-email wpcf7-validates-as-required wpcf7-text wpcf7-validates-as-email\" aria-required=\"true\" aria-invalid=\"false\" value=\"\" type=\"email\" name=\"your-email\" \/><\/span> <\/label>\n<\/p>\n<p><label> Votre soci\u00e9t\u00e9(obligatoire)<br \/>\n<span class=\"wpcf7-form-control-wrap\" data-name=\"your-societe\"><input size=\"40\" maxlength=\"400\" class=\"wpcf7-form-control wpcf7-text wpcf7-validates-as-required\" aria-required=\"true\" aria-invalid=\"false\" value=\"\" type=\"text\" name=\"your-societe\" \/><\/span> <\/label>\n<\/p>\n<p><label> Sujet<br \/>\n<span class=\"wpcf7-form-control-wrap\" data-name=\"your-subject\"><input size=\"40\" maxlength=\"400\" class=\"wpcf7-form-control wpcf7-text\" aria-invalid=\"false\" value=\"\" type=\"text\" name=\"your-subject\" \/><\/span> <\/label>\n<\/p>\n<p><label> Votre message<br \/>\n<span class=\"wpcf7-form-control-wrap\" data-name=\"your-message\"><textarea cols=\"40\" rows=\"10\" maxlength=\"2000\" class=\"wpcf7-form-control wpcf7-textarea\" aria-invalid=\"false\" name=\"your-message\"><\/textarea><\/span> <\/label>\n<\/p>\n<p><input class=\"wpcf7-form-control wpcf7-submit has-spinner\" type=\"submit\" value=\"Envoyer\" \/>\n<\/p><p style=\"display: none !important;\" class=\"akismet-fields-container\" data-prefix=\"_wpcf7_ak_\"><label>&#916;<textarea name=\"_wpcf7_ak_hp_textarea\" cols=\"45\" rows=\"8\" maxlength=\"100\"><\/textarea><\/label><input type=\"hidden\" id=\"ak_js_1\" name=\"_wpcf7_ak_js\" value=\"247\"\/><script>document.getElementById( \"ak_js_1\" ).setAttribute( \"value\", ( new Date() ).getTime() );<\/script><\/p><div class=\"fusion-alert alert custom alert-custom fusion-alert-center wpcf7-response-output fusion-alert-capitalize alert-dismissable\" style=\"border-width:1px;\"><button type=\"button\" class=\"close toggle-alert\" data-dismiss=\"alert\" aria-label=\"Close\">&times;<\/button><div class=\"fusion-alert-content-wrapper\"><span class=\"fusion-alert-content\"><\/span><\/div><\/div>\n<\/form>\n<\/div>\n\n<\/div><div class=\"fusion-clearfix\"><\/div><\/div><\/div><\/div><\/div>\n","protected":false},"excerpt":{"rendered":"","protected":false},"author":1,"featured_media":196,"parent":48,"menu_order":0,"comment_status":"closed","ping_status":"closed","template":"","meta":{"_uf_show_specific_survey":0,"_uf_disable_surveys":false,"jetpack_post_was_ever_published":false,"footnotes":""},"class_list":["post-53","page","type-page","status-publish","has-post-thumbnail","hentry"],"jetpack_sharing_enabled":true,"jetpack_shortlink":"https:\/\/wp.me\/P9vk3y-R","jetpack_likes_enabled":true,"jetpack-related-posts":[],"_links":{"self":[{"href":"https:\/\/bssolutionexpertise.com\/index.php\/wp-json\/wp\/v2\/pages\/53","targetHints":{"allow":["GET"]}}],"collection":[{"href":"https:\/\/bssolutionexpertise.com\/index.php\/wp-json\/wp\/v2\/pages"}],"about":[{"href":"https:\/\/bssolutionexpertise.com\/index.php\/wp-json\/wp\/v2\/types\/page"}],"author":[{"embeddable":true,"href":"https:\/\/bssolutionexpertise.com\/index.php\/wp-json\/wp\/v2\/users\/1"}],"replies":[{"embeddable":true,"href":"https:\/\/bssolutionexpertise.com\/index.php\/wp-json\/wp\/v2\/comments?post=53"}],"version-history":[{"count":11,"href":"https:\/\/bssolutionexpertise.com\/index.php\/wp-json\/wp\/v2\/pages\/53\/revisions"}],"predecessor-version":[{"id":11427,"href":"https:\/\/bssolutionexpertise.com\/index.php\/wp-json\/wp\/v2\/pages\/53\/revisions\/11427"}],"up":[{"embeddable":true,"href":"https:\/\/bssolutionexpertise.com\/index.php\/wp-json\/wp\/v2\/pages\/48"}],"wp:featuredmedia":[{"embeddable":true,"href":"https:\/\/bssolutionexpertise.com\/index.php\/wp-json\/wp\/v2\/media\/196"}],"wp:attachment":[{"href":"https:\/\/bssolutionexpertise.com\/index.php\/wp-json\/wp\/v2\/media?parent=53"}],"curies":[{"name":"wp","href":"https:\/\/api.w.org\/{rel}","templated":true}]}}